tors of 145769022?
2, 3, 7, 29, 41, 139
List the prime factors of 228446969.
17, 643, 20899
What are the prime factors of 13656962?
2, 11, 620771
List the prime factors of 1655267695.
5, 373, 887543
List the prime factors of 561852818.
2, 280926409
What are the prime factors of 364187678?
2, 47, 3874337
List the prime factors of 127127304.
2, 3, 1765657
List the prime factors of 559031435.
5, 111806287
List the prime factors of 305009314.
2, 152504657
What are the prime factors of 76630135?
5, 17, 19, 23, 2063
List the prime factors of 4878665868.
2, 3, 59, 709, 9719
List the prime factors of 247392209.
23, 151, 71233
What are the prime factors of 102075068?
2, 19, 241, 5573
List the prime factors of 1979597398.
2, 989798699
What are the prime factors of 92333218?
2, 46166609
List the prime factors of 1374477753.
3, 11, 337, 123593
List the prime factors of 1525866128.
2, 31, 379, 8117
List the prime factors of 827065478.
2, 19, 347, 62723
What are the prime factors of 6293328033?
3, 71, 167, 176923
List the prime factors of 42670293.
3, 61, 431, 541
What are the prime factors of 3504254794?
2, 1752127397
What are the prime factors of 1058302933?
23, 46013171
List the prime factors of 801754757.
801754757
What are the prime factors of 517940353?
7, 79, 607, 1543
What are the prime factors of 93649310?
2, 5, 2017, 4643
What are the prime factors of 876208084?
2, 17, 53, 243121
List the prime factors of 36813678.
2, 3, 11, 19, 31, 947
List the prime factors of 872383722.
2, 3, 7, 20771041
List the prime factors of 23342352.
2, 3, 11, 4019
What are the prime factors of 188210191?
13, 109, 317, 419
What are the prime factors of 186305938?
2, 7, 13, 1607
List the prime factors of 96425085.
3, 5, 23, 277, 1009
What are the prime factors of 8033413142?
2, 19, 109, 102079
List the prime factors of 5049711952.
2, 53, 5954849
List the prime factors of 220355471.
7, 31, 1015463
List the prime factors of 283591146.
2, 3, 313, 151007
What are the prime factors of 6237532?
2, 7, 367, 607
What are the prime factors of 26895841?
7, 107, 149, 241
List the prime factors of 68094348.
2, 3, 7, 587, 1381
What are the prime factors of 447286406?
2, 7, 157, 4153
List the prime factors of 100171782.
2, 3, 1855033
What are the prime factors of 110290155?
3, 5, 19, 37, 10459
What are the prime factors of 1517760160?
2, 5, 7, 241, 5623
List the prime factors of 41717653.
23, 139, 13049
What are the prime factors of 1229397?
3, 13, 29, 1087
What are the prime factors of 2330409626?
2, 1051, 1108663
What are the prime factors of 169631947?
43, 241, 16369
List the prime factors of 463807671.
3, 2207, 70051
List the prime factors of 236414250.
2, 3, 5, 179, 587
What are the prime factors of 33453478?
2, 16726739
What are the prime factors of 2269207?
47, 48281
What are the prime factors of 162216242?
2, 31, 281, 9311
What are the prime factors of 560805249?
3, 163, 1146841
List the prime factors of 8390524379.
8390524379
What are the prime factors of 66822461?
17, 173, 22721
What are the prime factors of 65174930?
2, 5, 191, 34123
List the prime factors of 2055022636.
2, 53, 9693503
List the prime factors of 5176294074.
2, 3, 7, 73, 562763
What are the prime factors of 7391867066?
2, 983, 3759851
List the prime factors of 4866576711.
3, 839, 977, 1979
What are the prime factors of 2349154797?
3, 11, 31, 59, 38921
What are the prime factors of 245318044?
2, 19, 97, 107, 311
What are the prime factors of 5015628859?
16693, 300463
What are the prime factors of 75477647?
7, 683, 15787
What are the prime factors of 39014325?
3, 5, 7, 23, 359
List the prime factors of 537010798.
2, 268505399
List the prime factors of 184026007.
11, 16729637
List the prime factors of 3949302.
2, 3, 7, 19, 101
List the prime factors of 1970690686.
2, 311, 3168313
List the prime factors of 156874059.
3, 17430451
What are the prime factors of 69601978?
2, 17, 19, 163, 661
List the prime factors of 28977363.
3, 3219707
What are the prime factors of 866750294?
2, 433375147
What are the prime factors of 1289284157?
7, 157, 953, 1231
List the prime factors of 942628705.
5, 103, 1830347
What are the prime factors of 1838776454?
2, 113, 571, 14249
List the prime factors of 52756869.
3, 11, 173, 9241
List the prime factors of 1426556988.
2, 3, 59, 131, 1709
What are the prime factors of 22966643?
7, 17, 79, 349
List the prime factors of 27064635.
3, 5, 13, 138793
List the prime factors of 75069835.
5, 29, 137, 3779
List the prime factors of 19257585.
3, 5, 1283839
What are the prime factors of 187232161?
47, 3983663
What are the prime factors of 378365004?
2, 3, 127, 82757
List the prime factors of 4934388807.
3, 182755141
List the prime factors of 18753219.
3, 1361, 1531
List the prime factors of 579032170.
2, 5, 57903217
What are the prime factors of 2897867534?
2, 1448933767
What are the prime factors of 640088140?
2, 5, 617, 51871
List the prime factors of 142308218.
2, 13, 487, 11239
What are the prime factors of 355405744?
2, 22212859
What are the prime factors of 81652537?
81652537
What are the prime factors of 80573857?
7, 13, 885427
List the prime factors of 1681450020.
2, 3, 5, 101, 92489
List the prime factors of 3128046994.
2, 31379, 49843
What are the prime factors of 1048578121?
1048578121
What are the prime factors of 1002251687?
29, 4583, 7541
List the prime factors of 2119377707.
2119377707
What are the prime factors of 306603152?
2, 19, 1008563
List the prime factors of 142249468.
2, 4049, 8783
List the prime factors of 124768542.
2, 3, 17, 43, 28447
What are the prime factors of 20557048?
2, 47, 54673
What are the prime factors of 41464922?
2, 89, 281, 829
What are the prime factors of 163647951?
3, 131, 416407
What are the prime factors of 178625932?
2, 937, 47659
What are the prime factors of 21929946?
2, 3, 59, 61949
List the prime factors of 154148943.
3, 13, 3952537
What are the prime factors of 5113498?
2, 13, 17, 23, 503
List the prime factors of 1026449146.
2, 1721, 298213
List the prime factors of 67897460.
2, 5, 3394873
List the prime factors of 2957165470.
2, 5, 7, 17, 43, 57791
List the prime factors of 2092494840.
2, 3, 5, 17437457
List the prime factors of 201721340.
2, 5, 31, 223, 1459
What are the prime factors of 1104099611?
1104099611
What are the prime factors of 11754766?
2, 31, 189593
List the prime factors of 49739942.
2, 7, 3552853
What are the prime factors of 6522704072?
2, 103, 7915903
What are the prime factors of 252825526?
2, 2791, 45293
What are the prime factors of 12184739?
7, 59, 163, 181
What are the prime factors of 24480271?
151, 223, 727
What are the prime factors of 45531237?
3, 23, 659873
What are the prime factors of 860379706?
2, 430189853
List the prime factors of 34227266.
2, 23, 744071
What are the prime factors of 74351580?
2, 3, 5, 53, 103, 227
What are the prime factors of 1229539217?
27817, 44201
List the prime factors of 605271173.
13, 97, 677, 709
List the prime factors of 55951044.
2, 3, 4662587
What are the prime factors of 100633504?
2, 199, 15803
List the prime factors of 1682249411.
9013, 186647
What are the prime factors of 6120300070?
2, 5, 29, 2659, 7937
What are the prime factors of 1492136566?
2, 673, 1108571
What are the prime factors of 283728099?
3, 37, 311, 8219
What are the prime factors of 107040497?
79, 1354943
List the prime factors of 666391283.
31, 21496493
What are the prime factors of 75812811?
3, 587, 43051
List the prime factors of 55708588.
2, 13, 71, 79, 191
What are the prime factors of 170284851?
3, 11, 1720049
What are the prime factors of 47231514?
2, 3, 11, 113, 2111
List the prime factors of 87972031.
7, 12567433
List the prime factors of 78428453.
78428453
List the prime factors of 436230353.
13, 17, 1973893
List the prime factors of 6813886255.
5, 11, 29, 4272029
List the prime factors of 5438265734.
2, 11, 247193897
What are the prime factors of 65019264?
2, 3, 169321
List the prime factors of 190858604.
2, 6373, 7487
What are the prime factors of 127448529?
3, 13, 1229, 2659
List the prime factors of 4909927020.
2, 3, 5, 81832117
List the prime factors of 52502319.
3, 5833591
What are the prime factors of 3527119?
23, 153353
List the prime factors of 332207355.
3, 5, 22147157
List the prime factors 